{"id":18,"date":"2021-09-06T11:59:10","date_gmt":"2021-09-06T14:59:10","guid":{"rendered":"https:\/\/www.psicologadanielacoutinho.com.br\/blog\/?page_id=18"},"modified":"2026-02-18T09:29:12","modified_gmt":"2026-02-18T12:29:12","slug":"sobre","status":"publish","type":"page","link":"https:\/\/www.psicologadanielacoutinho.com.br\/blog\/sobre\/","title":{"rendered":"Sobre Mim"},"content":{"rendered":"\n<p>Se voc\u00ea chegou at\u00e9 aqui, talvez esteja cansada de tentar dar conta de tudo sozinha.<\/p>\n\n\n\n<p>Talvez esteja vivendo ansiedade nos relacionamentos.<br>Talvez sinta que se anula demais.<br>Ou que ama com medo de ser abandonada.<\/p>\n\n\n\n<p>Eu trabalho justamente com essas dores.<\/p>\n\n\n\n<p>Sou psic\u00f3loga e atendo mulheres adultas que desejam desenvolver mais seguran\u00e7a emocional, fortalecer a autoestima e construir rela\u00e7\u00f5es mais saud\u00e1veis \u2014 come\u00e7ando por si mesmas.<\/p>\n\n\n\n<p>Meu trabalho \u00e9 ajudar voc\u00ea a entender os padr\u00f5es que se repetem na sua vida e, principalmente, a transform\u00e1-los.<\/p>\n\n\n\n<p>Porque muitas vezes o problema n\u00e3o \u00e9 falta de for\u00e7a.<br>\u00c9 excesso de sobreviv\u00eancia emocional.<\/p>\n\n\n\n<h2 class=\"wp-block-heading\">Minha forma de trabalhar<\/h2>\n\n\n\n<p>Meu atendimento \u00e9:<\/p>\n\n\n\n<ul class=\"wp-block-list\">\n<li>Profundo, mas acolhedor<\/li>\n\n\n\n<li>Direto, mas respeitoso<\/li>\n\n\n\n<li>T\u00e9cnico, mas humano<\/li>\n<\/ul>\n\n\n\n<p>Eu n\u00e3o ofere\u00e7o f\u00f3rmulas prontas.<br>Ofere\u00e7o processo.<\/p>\n\n\n\n<p>Um espa\u00e7o seguro onde voc\u00ea pode:<\/p>\n\n\n\n<ul class=\"wp-block-list\">\n<li>Falar sem medo de julgamento<\/li>\n\n\n\n<li>Entender a origem das suas inseguran\u00e7as<\/li>\n\n\n\n<li>Aprender a colocar limites<\/li>\n\n\n\n<li>Desenvolver autonomia emocional<\/li>\n\n\n\n<li>Construir rela\u00e7\u00f5es mais equilibradas<\/li>\n<\/ul>\n\n\n\n<p>A terapia n\u00e3o \u00e9 apenas sobre falar do problema.<br>\u00c9 sobre construir recursos internos para viver diferente.<\/p>\n\n\n\n<h1 class=\"wp-block-heading\">Atendimento<\/h1>\n\n\n\n<p>\ud83d\udccd Modalidade: Atendimento online<br>\ud83d\udd52 P\u00fablico: Adultos<br>\ud83d\udcc5 Sess\u00f5es com hor\u00e1rio agendado<\/p>\n\n\n\n<hr class=\"wp-block-separator has-alpha-channel-opacity\"\/>\n\n\n\n<h1 class=\"wp-block-heading\">Contato<\/h1>\n\n\n\n<p>Se voc\u00ea sente que est\u00e1 pronta para come\u00e7ar esse processo, entre em contato:<\/p>\n\n\n\n<p>\ud83d\udcf2 WhatsApp: (11) 94164-0397<br>\ud83d\udce7 E-mail: contato@psicologadanielacoutinho.com.br<br>\ud83c\udf10 Site: <a href=\"https:\/\/www.psicologadanielacoutinho.com.br\/\">https:\/\/www.psicologadanielacoutinho.com.br\/<\/a><br>\ud83d\udcf8 Instagram: @psicologadanielacoutinho<\/p>\n\n\n\n<p>Voc\u00ea n\u00e3o precisa enfrentar tudo sozinha.<br>Eu posso caminhar com voc\u00ea nesse processo. <\/p>\n\n\n\n<p><\/p>\n","protected":false},"excerpt":{"rendered":"<p>Se voc\u00ea chegou at\u00e9 aqui, talvez esteja cansada de tentar dar conta de tudo sozinha. Talvez esteja vivendo ansiedade nos relacionamentos.Talvez sinta que se anula demais.Ou que ama com medo de ser abandonada. Eu trabalho justamente com essas dores. Sou psic\u00f3loga e atendo mulheres adultas que desejam desenvolver mais seguran\u00e7a emocional, fortalecer a autoestima e &hellip;<\/p>\n<p class=\"read-more\"> <a class=\"\" href=\"https:\/\/www.psicologadanielacoutinho.com.br\/blog\/sobre\/\"> <span class=\"screen-reader-text\">Sobre Mim<\/span> Leia mais &raquo;<\/a><\/p>\n","protected":false},"author":1,"featured_media":345,"parent":0,"menu_order":0,"comment_status":"closed","ping_status":"closed","template":"","meta":{"footnotes":""},"class_list":["post-18","page","type-page","status-publish","has-post-thumbnail","hentry"],"_links":{"self":[{"href":"https:\/\/www.psicologadanielacoutinho.com.br\/blog\/wp-json\/wp\/v2\/pages\/18","targetHints":{"allow":["GET"]}}],"collection":[{"href":"https:\/\/www.psicologadanielacoutinho.com.br\/blog\/wp-json\/wp\/v2\/pages"}],"about":[{"href":"https:\/\/www.psicologadanielacoutinho.com.br\/blog\/wp-json\/wp\/v2\/types\/page"}],"author":[{"embeddable":true,"href":"https:\/\/www.psicologadanielacoutinho.com.br\/blog\/wp-json\/wp\/v2\/users\/1"}],"replies":[{"embeddable":true,"href":"https:\/\/www.psicologadanielacoutinho.com.br\/blog\/wp-json\/wp\/v2\/comments?post=18"}],"version-history":[{"count":23,"href":"https:\/\/www.psicologadanielacoutinho.com.br\/blog\/wp-json\/wp\/v2\/pages\/18\/revisions"}],"predecessor-version":[{"id":503,"href":"https:\/\/www.psicologadanielacoutinho.com.br\/blog\/wp-json\/wp\/v2\/pages\/18\/revisions\/503"}],"wp:featuredmedia":[{"embeddable":true,"href":"https:\/\/www.psicologadanielacoutinho.com.br\/blog\/wp-json\/wp\/v2\/media\/345"}],"wp:attachment":[{"href":"https:\/\/www.psicologadanielacoutinho.com.br\/blog\/wp-json\/wp\/v2\/media?parent=18"}],"curies":[{"name":"wp","href":"https:\/\/api.w.org\/{rel}","templated":true}]}}